26. Determine o(-6).
10
Let l(p) = -6*p + 37. What is l(5)?
7
Let v(t) = 10*t - 101. What is v(10)?
-1
Let l(s) = 36*s**3 + s**2 + s + 1. What is l(-1)?
-35
Let v(b) = b**3 + 8*b**2 + 17*b + 21. What is v(-6)?
-9
Let o(g) = g**2 - 14*g - 64. What is o(15)?
-49
Let n(q) = -q**2 - 6*q + 1. Give n(-5).
6
Let z(n) = n + 12. Determine z(-6).
6
Let h(j) = j - 18. What is h(18)?
0
Let s(r) = 2*r**2 - 8*r - 6. Give s(8).
58
Let r(v) = v**3 - 9*v**2 + 9*v - 16. Calculate r(8).
-8
Let b(y) = -16*y - 43. Determine b(-4).
21
Let g(w) = 2*w + 2. What is g(-6)?
-10
Let d(z) = z**2 + z + 28. Calculate d(0).
28
Let w(r) = 2*r**2 + 2*r + 15. Give w(-7).
99
Let s(p) = -3*p + 33. Give s(14).
-9
Let i(d) = -d**3 + 7*d**2 + d + 1. Determine i(7).
8
Let i(g) = 4*g + 9. Calculate i(3).
21
Let u(j) = j**2 + 3*j - 40. What is u(6)?
14
Let g(d) = 16*d + 98. Calculate g(-7).
-14
Let q(o) = -4*o - 14. Calculate q(-5).
6
Let z(n) = -n**3 - 7*n**2 - 2*n + 4. Determine z(-6).
-20
Let k(a) = -a**3 - 11*a**2 + 4*a + 8. Determine k(-11).
-36
Let k(z) = z**3 + 6*z**2 - 10*z - 12. What is k(-8)?
-60
Let h(v) = -2*v**3 + 6*v**2 - 6*v. What is h(1)?
-2
Let u(o) = 3*o**2 - 2*o - 4. What is u(-3)?
29
Let q(k) = k**2 - 7*k - 9. Determine q(8).
-1
Let h(i) = -12*i - 2. Calculate h(-2).
22
Let i(g) = 6*g**2 - g - 2. Give i(2).
20
Let l(t) = -t**2 + 12*t + 2. Determine l(11).
13
Let j(t) = -t**3 + 6*t**2 + 4*t + 5. Determine j(5).
50
Let p(j) = -8*j + 92. Give p(12).
-4
Let w(q) = -q**3 - 3*q + 7. Determine w(0).
7
Let k(l) = 22*l - 158. Calculate k(7).
-4
Let o(k) = -k**3 - 4*k**2 - 29*k - 119. Determine o(-4).
-3
Let i(r) = -r**3 + 5*r**2 + 22*r + 12. Determine i(8).
-4
Let r(k) = -k**3 - 11*k**2 - 9*k - 12. Give r(-10).
-22
Let z(q) = 6*q**3 - 18*q**2 + 7*q - 12. What is z(3)?
9
Let a(r) = r - 27. What is a(16)?
-11
Let x(u) = u**2 + 26*u + 21. What is x(-25)?
-4
Let s(x) = -8*x - 58. Calculate s(-7).
-2
Let x(u) = -u**3 + 7*u**2 + 11*u - 33. What is x(8)?
-9
Let w(o) = -5*o - 89. Determine w(-19).
6
Let l(r) = -r**2 + 12*r - 17. Give l(8).
15
Let s(p) = -2*p - 3. What is s(-6)?
9
Let g(r) = r**3 - 6*r**2 + 3*r - 24. Determine g(6).
-6
Let y(d) = d**3 - 8*d**2 - 9*d - 5. Give y(9).
-5
Let t(u) = -u**3 + 6*u**2 - 3*u + 7. What is t(7)?
-63
Let j(n) = -n**2 + 45. Calculate j(-7).
-4
Let a(c) = c**3 - 15*c**2 - 17*c + 15. What is a(16)?
-1
Let g(p) = 2*p + 15. Give g(-6).
3
Let r(w) = 8*w. Calculate r(1).
8
Let u(c) = -2*c**3 + 11*c**2 - 5*c. Give u(5).
0
Let j(n) = -n**3 - n**2 - 2*n + 2. Determine j(1).
-2
Let w(b) = -b**2 - 8*b + 8. Determine w(-6).
20
Let v(x) = -x + 65. Give v(10).
55
Let j(w) = w + 21. What is j(-9)?
12
Let k(j) = j**3 + 10*j**2 + 8*j - 3. Determine k(-9).
6
Let f(w) = -64*w - 70. Determine f(-1).
-6
Let d(o) = -o**3 - 8*o**2 + 9*o + 6. What is d(-9)?
6
Let w(g) = g + 8. Give w(-14).
-6
Let s(x) = -x**3 - 3*x**2 - x - 1. Calculate s(-3).
2
Let i(s) = s**3 - s**2 - s - 1. What is i(-1)?
-2
Let x(a) = 4*a**2 + 88*a + 10. Calculate x(-22).
10
Let u(y) = -3*y**2 + 5*y + 8. Determine u(-4).
-60
Let q(p) = -p**2 - 10*p - 2. What is q(-10)?
-2
Let d(m) = m**3 - 12*m**2 + 18*m + 10. Determine d(10).
-10
Let a(i) = -i**2 + 28. What is a(-4)?
12
Let m(p) = -p - 10. Give m(0).
-10
Let g(i) = i**3 - 4*i**2 - 2*i - 3. What is g(3)?
-18
Let d(i) = i**3 - 9*i**2 + 10*i - 14. Calculate d(8).
2
Let l(h) = h**2 + 8*h - 1. Determine l(-9).
8
Let v(j) = -j**3 + 4*j**2 - 6*j + 4. What is v(2)?
0
Let z(y) = -y**3 + 4*y**2 + 6*y + 4. What is z(6)?
-32
Let s(p) = -p**2 + 5*p - 12. What is s(9)?
-48
Let j(w) = -6*w**3 - w**2 + 3*w - 1. What is j(1)?
-5
Let p(c) = -2*c**2 - 15*c - 10. Determine p(-7).
-3
Let g(r) = 3*r - 1. Give g(1).
2
Let v(h) = 3*h - 7. Give v(9).
20
Let q(c) = -2*c - 1. Determine q(-4).
7
Let t(n) = -4*n**2 - 4*n - 7. What is t(3)?
-55
Let q(v) = -2*v**2 - 9*v - 3. Determine q(-3).
6
Let f(d) = 4*d - 20. Give f(5).
0
Let r(o) = 23*o - 5. What is r(1)?
18
Let o(d) = -2*d**2 - 17*d - 8. Determine o(-8).
0
Let f(s) = s**3 + 17*s**2 - 5*s - 17. Give f(-17).
68
Let x(n) = -n**3 - 12*n**2 + 2*n + 21. Give x(-12).
-3
Let d(v) = -4*v + 14. Determine d(9).
-22
Let r(f) = f - 24. Calculate r(8).
-16
Let d(g) = 2*g**2 - 25*g - 14. What is d(12)?
-26
Let i(f) = f**3 - 5*f**2 + 4*f - 2. Determine i(3).
-8
Let t(o) = -2*o**2 - 2*o - 98. What is t(0)?
-98
Let t(x) = -3*x**3 + 2*x**2 + 3*x + 1. Determine t(-1).
3
Let a(p) = p**3 - 8*p**2 - p - 1. Give a(8).
-9
Let p(b) = -2*b - 1. Calculate p(1).
-3
Let d(b) = 18*b + 52. Calculate d(-4).
-20
Let k(g) = -g**3 + 27*g**2 + 2*g - 55. Calculate k(27).
-1
Let y(d) = -d**2 - 7*d + 19. Give y(-10).
-11
Let n(b) = -b**2 - 6*b - 18. Give n(-4).
-10
Let f(n) = 42*n + 18. Give f(-4).
-150
Let z(d) = d**2 + 7*d - 11. Determine z(-7).
-11
Let d(c) = -5*c - 1. What is d(-5)?
24
Let f(q) = q**3 - 12*q**2 - 3*q + 16. Calculate f(12).
-20
Let u(c) = 2*c**2 + 32*c + 72. Give u(-3).
-6
Let n(s) = -3*s**2 - 10*s + 7. Calculate n(-7).
-70
Let x(j) = 5*j - 14. Calculate x(6).
16
Let f(a) = 55*a - 4. Give f(1).
51
Let p(f) = -26*f + 118. Calculate p(8).
-90
Let j(h) = -4*h**3 - 2*h**2 - h. Give j(-1).
3
Let a(y) = y**2 - 4*y - 55. Give a(10).
5
Let z(x) = -19*x - 4. Give z(2).
-42
Let r(v) = v + 12. What is r(-9)?
3
Let d(m) = -m**2 + 2*m - 2. What is d(5)?
-17
Let h(a) = a**3 - 9*a**2 + 5*a - 16. Determine h(8).
-40
Let l(c) = -c**3 + 3*c**2 + 5*c - 2. Determine l(3).
13
Let v(t) = -2*t**2 + 10*t - 21. Calculate v(5).
-21
Let g(h) = 8*h**2 - h - 2. Give g(1).
5
Let y(f) = f**2 + 36*f - 33. What is y(-37)?
4
Let y(r) = r**2 + 10*r + 22. Give y(-7).
1
Let m(l) = 2*l**2 + 7*l - 42. Calculate m(-7).
7
Let m(q) = -38*q**2 + 1. Calculate m(-1).
-37
Let h(i) = -4*i - 5. Give h(2).
-13
Let u(l) = -l**3 - 12*l**2 + 3*l + 40. Give u(-12).
4
Let b(o) = 10*o**2 - 1. Determine b(-1).
9
Let c(k) = 2*k**2 + 9*k + 21. What is c(-4)?
17
Let l(b) = b**3 + 19. Give l(0).
19
Let j(k) = 2*k - 1. Calculate j(-4).
-9
Let w(d) = 23*d - 220. Give w(11).
33
Let m(v) = 14*v + 367. Determine m(-27).
-11
Let c(u) = 5*u - 15. Calculate c(8).
25
Let l(k) = -k**2 - k + 35. Calculate l(0).
35
Let u(v) = -375*v - 3006. Determine u(-8).
-6
Let p(y) = y**3 + 7*y**2 + 6*y - 13. Give p(-5).
7
Let i(n) = -19*n + 333. Give i(17).
10
Let i(b) = -16*b - 1. Determine i(6).
-97
Let g(y) = -y**2 - 10*y + 15. Determine g(-11).
4
Let n(o) = o**3 - o - 3. Determine n(2).
3
Let a(t) = -3*t**3 + 16*t**2 + 14*t. Determine a(6).
12
Let u(r) = -r**3 - 4*r**2 - 2*r - 12. Determine u(-4).
-4
Let i(t) = t + 4. Give i(16).
20
Let n(b) = 14*b + 7. Calculate n(-1).
-7
Let y(i) = -i**2 - 9*i - 11. Give y(-7).
3
Let p(l) = l**2 + l - 6. Calculate p(5).
24
Let v(n) = n**2 + 18*n + 6. What is v(-18)?
6
Let s(t) = -t**3 - 25*t**2 - 39*t + 21. Give s(-23).
-140
Let w(r) = 3*r + 3. Determine w(3).
12
Let h(l) = -l**3 - 19*l**2 + 10*l + 185. Determine h(-19).
-5
Let t(u) = -12*u - 157. Determine t(-13).
-1
Let c(k) = k**3 + k + 107. What is c(0)?
107
Let q(v) = -v**3 + 12*v**2 + 24*v + 50. What is q(14)?
-6
Let q(s) = -20*s + 257. Determine q(12).
17
Let h(a) = 2*a - 3. What is h(10)?
17
Let h(k) = k - 42. Calculate h(0).
-42
Let c(z) = -27*z - 8. Determine c(-3).
73
Let v(w) = w**3 + 2*w**2 - 3*w - 2. Give v(-3).
-2
Let h(b) = -2*b**2 + 46*b - 34. Determine h(22).
10
Let l(n) = -n**3 + 13*n**2 + 4*n - 7. Calculate l(13).
45
Let w(h) = h**3 - h**2 - 3*h + 1. Determine w(-4).
-67
Let s(x) = x**3 + 6*x**2 + 9*x + 8. Calculate s(-5).
-12
Let s(p) = -p**2 + 6*p - 2. What is s(5)?
3
Let x(p) = -10*p**3 + 3*p**2 + 3*p - 5. Give x(1).
-9
Let s(r) = 2*r + 32. Calculate s(-15).
2
Let u(d) = 3*d - 41. Calculate u(10).
-11
Let z(p) = 2*p + 1. Determine z(-9).
-17
Let x(o) = o**2 + 9*o + 6. Determine x(-12).
42
Let o(v) = -2*v**2 + 3*v - 1. Calculate o(-3).
-28
Let x(v) = 3*v + 27. Calculate x(-8).
3
Let q(o) = -3*o + 12. Determine q(-9).
39
Let l(k) = 17*k - 143. What is l(8)?
-7
Let w(p) = -67*p**3 + p**2 - p - 1. Give w(-1).
68
Let a(n) = n**2 - 9*n - 28. Determine a(12).
8
Let n(r) = -r**3 + 8*r**2 - 7*r - 13. Determine n(7).
-13
Let d(q) = 11*q + 1. What is d(-4)?
-43
Let r(c) = -c**3 - 4*c**2 + 3*c - 6. What is r(-5)?
4
Let a(b) = b**2 - 9*b + 4. Determine a(7).
-10
Let o(y) = 6*y. Determine o(-2).
-12
Let s(w) = -w**3 - w*